{"id":1430,"date":"2018-01-15T17:07:21","date_gmt":"2018-01-15T17:07:21","guid":{"rendered":"http:\/\/cesmaingenieros.com\/?page_id=1430"},"modified":"2025-12-18T11:10:26","modified_gmt":"2025-12-18T11:10:26","slug":"equipo-de-trabajo","status":"publish","type":"page","link":"https:\/\/cesmaingenieros.com\/index.php\/equipo-de-trabajo\/","title":{"rendered":"Equipo de trabajo"},"content":{"rendered":"<div class=\"equipo_block\">\n<h3>Direcci\u00f3n<\/h3>\n<ul>\n<li>Juan Luis Bellod Thomas<\/li>\n<li>Peter Tanner<\/li>\n<\/ul>\n<\/div>\n<div class=\"equipo_block\">\n<h3>Arquitecto<\/h3>\n<ul>\n<li>Javier San Rom\u00e1n Gal\u00e1n<\/li>\n<\/ul>\n<\/div>\n<div class=\"equipo_block\">\n<h3>Ingenieros<\/h3>\n<ul>\n<li>Diego Aita Santos<\/li>\n<li>Alberto Fraile Cava<\/li>\n<li>Jos\u00e9 Ignacio Herrero Arribas<\/li>\n<li>Joseph Nieto<\/li>\n<li>V\u00edctor Francisco Paico Saavedra<\/li>\n<li>Javier Parras Mart\u00ednez<\/li>\n<li>Julia Rio Arce<\/li>\n<li>David Sanz Cid<\/li>\n<\/ul>\n<\/div>\n<div class=\"equipo_block\">\n<h3>Delineantes proyectistas<\/h3>\n<ul>\n<li>Evan L\u00f3pez Mart\u00edn-Var\u00e9s<\/li>\n<li>Gabriel Lozano G\u00f3mez<\/li>\n<\/ul>\n<\/div>\n<div class=\"equipo_block\">\n<h3>Personal administrativo<\/h3>\n<ul>\n<li>Carolina Oviedo Exp\u00f3sito<\/li>\n<\/ul>\n<\/div>\n<div class=\"equipo_block\">\n<h3>Colaboradores<\/h3>\n<ul>\n<li>Eduardo Abad\u00eda Cer\u00f3n<\/li>\n<li>Rafael Berraquero Torrej\u00f3n<\/li>\n<li>C\u00e9sar Garc\u00eda Reillo &#8211; DELINEACI\u00d3N DE ESTRUCTURAS<\/li>\n<li>Jos\u00e9 Luis Gimeno Valle<\/li>\n<li>Paco G\u00f3mez Garc\u00eda &#8211; NOPHOTO<\/li>\n<li>Elena Jim\u00e9nez Losada<\/li>\n<li>Santiago Rivera Utrilla<\/li>\n<\/ul>\n<\/div>\n","protected":false},"excerpt":{"rendered":"<p>Direcci\u00f3n Juan Luis Bellod Thomas Peter Tanner Arquitecto Javier San Rom\u00e1n Gal\u00e1n Ingenieros Diego Aita Santos Alberto Fraile Cava Jos\u00e9 Ignacio Herrero Arribas Joseph Nieto V\u00edctor Francisco Paico Saavedra Javier Parras Mart\u00ednez Julia Rio Arce David Sanz Cid Delineantes proyectistas Evan L\u00f3pez Mart\u00edn-Var\u00e9s Gabriel Lozano G\u00f3mez Personal administrativo Carolina Oviedo Exp\u00f3sito Colaboradores Eduardo Abad\u00eda Cer\u00f3n [&hellip;]<\/p>\n","protected":false},"author":3,"featured_media":0,"parent":0,"menu_order":0,"comment_status":"closed","ping_status":"closed","template":"","meta":{"_acf_changed":false,"footnotes":""},"class_list":["post-1430","page","type-page","status-publish","hentry"],"acf":[],"_links":{"self":[{"href":"https:\/\/cesmaingenieros.com\/index.php\/wp-json\/wp\/v2\/pages\/1430","targetHints":{"allow":["GET"]}}],"collection":[{"href":"https:\/\/cesmaingenieros.com\/index.php\/wp-json\/wp\/v2\/pages"}],"about":[{"href":"https:\/\/cesmaingenieros.com\/index.php\/wp-json\/wp\/v2\/types\/page"}],"author":[{"embeddable":true,"href":"https:\/\/cesmaingenieros.com\/index.php\/wp-json\/wp\/v2\/users\/3"}],"replies":[{"embeddable":true,"href":"https:\/\/cesmaingenieros.com\/index.php\/wp-json\/wp\/v2\/comments?post=1430"}],"version-history":[{"count":17,"href":"https:\/\/cesmaingenieros.com\/index.php\/wp-json\/wp\/v2\/pages\/1430\/revisions"}],"predecessor-version":[{"id":2291,"href":"https:\/\/cesmaingenieros.com\/index.php\/wp-json\/wp\/v2\/pages\/1430\/revisions\/2291"}],"wp:attachment":[{"href":"https:\/\/cesmaingenieros.com\/index.php\/wp-json\/wp\/v2\/media?parent=1430"}],"curies":[{"name":"wp","href":"https:\/\/api.w.org\/{rel}","templated":true}]}}