{"id":1637,"date":"2018-01-17T18:00:00","date_gmt":"2018-01-17T18:00:00","guid":{"rendered":"http:\/\/cesmaingenieros.com\/?page_id=1637"},"modified":"2018-02-24T16:26:35","modified_gmt":"2018-02-24T16:26:35","slug":"conferencias","status":"publish","type":"page","link":"https:\/\/cesmaingenieros.com\/index.php\/conferencias\/","title":{"rendered":"Conferencias"},"content":{"rendered":"<ul class=\"publicaciones\">\n<li><a href=\"\/wp-content\/uploads\/2018\/01\/1-Pasarelas-Guadalajara_ACHE-2008.pdf\" target=\"_blank\">Tanner, P., Bellod, J.L. y Sanz, D. <em>Entre obra p\u00fablica y capricho. Pasarelas peatonales<\/em>. IV Congreso de Puentes y Estructuras de Edificaci\u00f3n de ACHE, Res\u00famenes de comunicaciones (Asociaci\u00f3n Cient\u00edfico-t\u00e9cnica de Hormig\u00f3n Estructural, ACHE, Ed.), Valencia, 2008. ISBN 978-84-89670-62-4.<\/a><\/li>\n<li><a href=\"\/wp-content\/uploads\/2018\/01\/2-Plasencia_ACHE-2008.pdf\" target=\"_blank\">Bellod, J.L., \u00c1lvarez, J.J. y Tanner, P. <em>Viaducto de la autov\u00eda de La Plata en Plasencia<\/em>. IV Congreso de Puentes y Estructuras de Edificaci\u00f3n de ACHE, Res\u00famenes de comunicaciones (Asociaci\u00f3n Cient\u00edfico-t\u00e9cnica de Hormig\u00f3n Estructural, ACHE, Ed.), Valencia, 2008. ISBN 978-84-89670-62-4.<\/a><\/li>\n<li><a href=\"\/wp-content\/uploads\/2018\/01\/3-Llobregat_ACHE-2008.pdf\" target=\"_blank\">Tanner, P., Bellod, J.L. y Sanz, D. <em>430 nudos y un viaducto sobre el r\u00edo Llobregat en Puig Reig<\/em>. IV Congreso de Puentes y Estructuras de Edificaci\u00f3n de ACHE, Res\u00famenes de comunicaciones (Asociaci\u00f3n Cient\u00edfico-t\u00e9cnica de Hormig\u00f3n Estructural, ACHE, Ed.), Valencia, 2008. ISBN 978-84-89670-62-4.<\/a><\/li>\n<li><a href=\"\/wp-content\/uploads\/2018\/02\/4-Coruna_ACHE-2008.pdf\" target=\"_blank\">Bellod, J.L., Sanz, D. y Tanner, P. <em>Recinto ferial de La Coru\u00f1a<\/em>. IV Congreso de Puentes y Estructuras de Edificaci\u00f3n de ACHE, Res\u00famenes de comunicaciones (Asociaci\u00f3n Cient\u00edfico-t\u00e9cnica de Hormig\u00f3n Estructural, ACHE, Ed.), Valencia, 2008. ISBN 978-84-89670-62-4.<\/a><\/li>\n<li><a href=\"\/wp-content\/uploads\/2018\/01\/5-Sants_ACHE-2008.pdf\" target=\"_blank\">Sanz, D., Cotelo, J. y Tanner, P. <em>\u00bfAprovechar o no aprovechar estructuras existentes? Remodelaci\u00f3n de la estaci\u00f3n de Sants<\/em>. IV Congreso de Puentes y Estructuras de Edificaci\u00f3n de ACHE, Res\u00famenes de comunicaciones (Asociaci\u00f3n Cient\u00edfico-t\u00e9cnica de Hormig\u00f3n Estructural, ACHE, Ed.), Valencia, 2008. ISBN 978-84-89670-62-4.<\/a><\/li>\n<li><a href=\"\/wp-content\/uploads\/2018\/01\/6-Development-of-risk-acceptance-criteria_Eurosteel-2008.pdf\" target=\"_blank\">Tanner, P. <em>Development of risk acceptance criteria for the design of steel structures<\/em>. Eurosteel 2008, R. Ofner et.al. (Editors), ECCS European Convention for Constructional Steelwork, Brussels, 2008. ISBN 92-0147-000-90, pp. 791-796.<\/a><\/li>\n<li><a href=\"\/wp-content\/uploads\/2018\/01\/7-Structural-safety-requirements_Workshop-on-risk-acceptance-2007.pdf\" target=\"_blank\">Tanner, P. and Arteaga, A. <em>Structural safety requirements based on notional risks associated with current practice<\/em>. Special Workshop on Risk Acceptance and Risk Communication, Stanford University, March 26-27, 2007, http:\/\/www.ripid.ethz.ch.<\/a><\/li>\n<li><a href=\"\/wp-content\/uploads\/2018\/01\/8-Valencia-de-Don-Juan_Footbridge-2005.pdf\" target=\"_blank\">Tanner, P. and Bellod, J.L. <em>Efficiency and aesthetics. Three Footbridges at Valencia de Don Juan, Spain<\/em>. Footbridge 2005, 2nd International Conference, IUAV, Venice, 2005.<\/a><\/li>\n<li><a href=\"\/wp-content\/uploads\/2018\/01\/9-Modelos-semiprobabilistas_ACHE-2005.pdf\" target=\"_blank\">Tanner, P. y Lara, C. <em>Simplones y conservadores. Modelos semiprobabilistas para la evaluaci\u00f3n de estructuras existentes de hormig\u00f3n<\/em>. III Congreso de Puentes y Estructuras de Edificaci\u00f3n de ACHE, Comunicaciones, vol. 3 (Asociaci\u00f3n Cient\u00edfico-t\u00e9cnica de Hormig\u00f3n Estructural, ACHE, Ed.), Zaragoza, 2005. ISBN 84-89670-50-1, pp. 1559-1575.<\/a><\/li>\n<li><a href=\"\/wp-content\/uploads\/2018\/01\/10-Pasarelas-y-puentes_CEA-2004.pdf\" target=\"_blank\">Bellod, J.L. y Tanner, P. <em>Versatilidad formal y funcional de pasarelas y puentes mixtos<\/em>. Congreso de la Estructura de Acero, CEA 2004 (Hern\u00e1ndez Ib\u00e1\u00f1ez, Ed.), A Coru\u00f1a, 2004. ISBN 84 609 1865 3, pp. 499-508.<\/a><\/li>\n<li><a href=\"\/wp-content\/uploads\/2018\/01\/11-Cubiertas_CEA-2004.pdf\" target=\"_blank\">Tanner, P. y Bellod, J.L. <em>En el campo de tensi\u00f3n entre ingenier\u00eda y arquitectura. La concepci\u00f3n de algunas cubiertas con elementos de acero<\/em>. Congreso de la Estructura de Acero, CEA 2004 (Hern\u00e1ndez Ib\u00e1\u00f1ez, Ed.), A Coru\u00f1a, 2004. ISBN 84 609 1865 3, pp. 207-216.<\/a><\/li>\n<li><a href=\"\/wp-content\/uploads\/2018\/01\/12-Cubierta-Zaragoza_IABSE-2003.pdf\" target=\"_blank\">Tanner, P., Bellod, J.L. and Calvo, J.M. <em>Roof structure for the new Zaragoza Delicias station. Concept and design<\/em>. Structures for High-Speed Railway Transportation, IABSE Report Vol. 87, 2003. ISBN 3-85748-109-9.<\/a><\/li>\n<li><a href=\"\/wp-content\/uploads\/2018\/01\/13-Incrementar-la-fiabilidad-reduciendo-acero_III-Congreso-Puentes-mixtos-2002.pdf\" target=\"_blank\">Tanner, P. y Bellod, J.L. <em>Incrementar la fiabilidad de los puentes mixtos reduciendo acero. Ductilidad versus Fragilidad. Puentes Mixtos. Estado actual de su tecnolog\u00eda y an\u00e1lisis<\/em> (Mart\u00ednez Calz\u00f3n, Ed.). Colegio de Ingenieros de Caminos, Canales y Puertos, Madrid, 2002. ISBN 84-380-0221-8, pp. 405-423.<\/a><\/li>\n<li><a href=\"\/wp-content\/uploads\/2018\/01\/14-Risk-assessment_Malta-2001.pdf\" target=\"_blank\">Vrouwenvelder, T., Lovegrove, R., Holicky, M., Tanner, P. and Canisius, G. <em>Risk assessment and risk communication in civil engineering. Safety, Risk and Reliability-Trends in Engineering<\/em>. Editor-Publisher: International Association for Bridge and Structural Engineering, IABSE, Z\u00fcrich, 2001. ISBN 3-85748-102-4.<\/a><\/li>\n<li><a href=\"\/wp-content\/uploads\/2018\/01\/15-Reliability-based-expertise-for-the-establishment-of-public-liabilities_IABSE-2001.pdf\" target=\"_blank\">Tanner, P. and Guti\u00e9rrez, J.P. <em>Reliability-based expertise for the establishment of public liabilities. Safety, Risk and Reliability-Trends in Engineering<\/em>. Editor-Publisher: International Association for Bridge and Structural Engineering, IABSE, Z\u00fcrich, 2001. ISBN 3-85748-102-4.<\/a><\/li>\n<li><a href=\"\/wp-content\/uploads\/2018\/01\/16-Uniones-soldadas_IABSE-2000.pdf\" target=\"_blank\">Tanner, P. <em>Uniones soldadas<\/em>. Tendencias en normativa y dise\u00f1o en estructuras met\u00e1licas de edificaci\u00f3n (Asociaci\u00f3n Espa\u00f1ola de Puentes e Ingenier\u00eda Estructural. Grupo Espa\u00f1ol de IABSE, Ed.), 2000. ISBN 84-930872-2-X, pp. 113-122.<\/a><\/li>\n<li><a href=\"\/wp-content\/uploads\/2018\/01\/17-Corrosion-models-for-structural-design_ILCDES-2000.pdf\" target=\"_blank\">Tanner, P. and Andrade, C. <em>Corrosion models for structural design. Integrated Life-Cycle Design of Materials and Structures<\/em> ILCDES 2000 (Sarja, Ed.), RILEM Publication PRO 14, 2000. ISBN 951-758-408-3, pp. 426-430.<\/a><\/li>\n<li><a href=\"\/wp-content\/uploads\/2018\/01\/18-Intervalos-de-inspecci\u00f3n.pdf\" target=\"_blank\">Tanner, P. <em>Intervalos de inspecci\u00f3n \u00f3ptimos en puentes met\u00e1licos antiguos. Nuevas T\u00e9cnicas de Evaluaci\u00f3n Estructural, Rehabilitaci\u00f3n y Refuerzo de Estructuras<\/em>; Jornadas (Asociaci\u00f3n Espa\u00f1ola de Puentes e Ingenier\u00eda Estructural. Grupo Espa\u00f1ol de IABSE, Ed.), 1999. ISBN 84-930872-0-3.<\/a><\/li>\n<li><a href=\"\/wp-content\/uploads\/2018\/01\/19-Reliability-based-evaluation-concept-for-everyday-use_IABSE-1998.pdf\" target=\"_blank\">Tanner, P. <em>Reliability-based evaluation concept for everyday use. Saving Buildings in Central and Eastern Europe<\/em> (International Association for Bridge and Structural Engineering, IABSE, Ed.), Z\u00fcrich, IABSE Report n\u00ba 77, 1998. ISBN 3-85748-094-8.<\/a><\/li>\n<li><a href=\"\/wp-content\/uploads\/2018\/01\/20-Interaction-between-planning-execution-and-evaluation-of-tests.pdf\" target=\"_blank\">Tanner, P. <em>Interaction between planning, execution and evaluation of tests. Evaluation of existing steel and composite bridges<\/em> (International Association for Bridge and Structural Engineering, IABSE, Ed.), Z\u00fcrich, IABSE Report n\u00ba 76, 1997. ISBN 3-85748-091-2.<\/a><\/li>\n<\/ul>\n","protected":false},"excerpt":{"rendered":"<p>Tanner, P., Bellod, J.L. y Sanz, D. Entre obra p\u00fablica y capricho. Pasarelas peatonales. IV Congreso de Puentes y Estructuras de Edificaci\u00f3n de ACHE, Res\u00famenes de comunicaciones (Asociaci\u00f3n Cient\u00edfico-t\u00e9cnica de Hormig\u00f3n Estructural, ACHE, Ed.), Valencia, 2008. ISBN 978-84-89670-62-4. Bellod, J.L., \u00c1lvarez, J.J. y Tanner, P. Viaducto de la autov\u00eda de La Plata en Plasencia. IV [&hellip;]<\/p>\n","protected":false},"author":3,"featured_media":0,"parent":0,"menu_order":0,"comment_status":"closed","ping_status":"closed","template":"","meta":{"_acf_changed":false,"footnotes":""},"class_list":["post-1637","page","type-page","status-publish","hentry"],"acf":[],"_links":{"self":[{"href":"https:\/\/cesmaingenieros.com\/index.php\/wp-json\/wp\/v2\/pages\/1637","targetHints":{"allow":["GET"]}}],"collection":[{"href":"https:\/\/cesmaingenieros.com\/index.php\/wp-json\/wp\/v2\/pages"}],"about":[{"href":"https:\/\/cesmaingenieros.com\/index.php\/wp-json\/wp\/v2\/types\/page"}],"author":[{"embeddable":true,"href":"https:\/\/cesmaingenieros.com\/index.php\/wp-json\/wp\/v2\/users\/3"}],"replies":[{"embeddable":true,"href":"https:\/\/cesmaingenieros.com\/index.php\/wp-json\/wp\/v2\/comments?post=1637"}],"version-history":[{"count":2,"href":"https:\/\/cesmaingenieros.com\/index.php\/wp-json\/wp\/v2\/pages\/1637\/revisions"}],"predecessor-version":[{"id":1806,"href":"https:\/\/cesmaingenieros.com\/index.php\/wp-json\/wp\/v2\/pages\/1637\/revisions\/1806"}],"wp:attachment":[{"href":"https:\/\/cesmaingenieros.com\/index.php\/wp-json\/wp\/v2\/media?parent=1637"}],"curies":[{"name":"wp","href":"https:\/\/api.w.org\/{rel}","templated":true}]}}